{"id":564,"date":"2015-03-27T12:08:19","date_gmt":"2015-03-27T11:08:19","guid":{"rendered":"https:\/\/ecolestmichel-laremaudiere.fr\/?page_id=564"},"modified":"2025-05-08T18:25:40","modified_gmt":"2025-05-08T17:25:40","slug":"animation-pastorale","status":"publish","type":"page","link":"https:\/\/ecolestmichel-laremaudiere.fr\/?page_id=564","title":{"rendered":"VOLET PASTORAL"},"content":{"rendered":"<p style=\"text-align: center;\"><span style=\"color: #000080;\">PROJET PASTORAL<\/span><br \/>\n<span style=\"color: #000080;\">L&rsquo;\u00e9cole Saint Michel est une \u00e9cole catholique ouverte \u00e0 tous. Elle s&rsquo;inscrit dans la ligne de l&rsquo;enseignement catholique et veut ainsi former des personnes en \u00e9duquant \u00e0 des valeurs et en proposant la foi dans le respect de chacun.<\/span><\/p>\n<p><span style=\"color: #0000ff;\">La pastorale se vit \u00e0 l&rsquo;\u00e9cole Saint Michel :<\/span><br \/>\n<span style=\"color: #3366ff;\">\u2013 En d\u00e9veloppant un climat fraternel, fond\u00e9 sur le respect mutuel des personnes entre les enfants ainsi qu\u2019avec les adultes qui les encadrent, avec le soutien des parents, cr\u00e9ant ainsi une&nbsp; communaut\u00e9 \u00e9ducative. Les valeurs d\u2019entraide, de collaboration et de respect de l&rsquo;environnement sont mises en avant au quotidien dans toutes les classes.<\/span><br \/>\n<span style=\"color: #3366ff;\">\u2013 En laissant le choix aux familles de participer \u00e0 des temps d\u2019\u00e9veil \u00e0&nbsp; la foi, de cat\u00e9ch\u00e8se et de culture chr\u00e9tienne pour respecter les convictions de chacun.<\/span><br \/>\n<span style=\"color: #3366ff;\">\u2013 En favorisant les liens avec la paroisse Saint Barth\u00e9l\u00e9my (participation \u00e0 la vie de la communaut\u00e9 : messe des familles, veill\u00e9es pyjama). Les enfants qui le souhaitent sont pr\u00e9par\u00e9s au bapt\u00eame et \u00e0<\/span><br \/>\n<span style=\"color: #3366ff;\">la premi\u00e8re communion sur des temps pr\u00e9vus par la paroisse.<\/span><\/p>\n<p><span style=\"color: #0000ff;\">Le projet pastoral s&rsquo;exprime plus particuli\u00e8rement lors des temps de caract\u00e8re propre :<\/span><br \/>\n<span style=\"color: #0000ff;\"><strong>Eveil \u00e0 la foi<\/strong><\/span><br \/>\n<span style=\"color: #0000ff;\">&#8211; En maternelle : Moments d&rsquo;\u00e9coute, de partage autour de chants, de pri\u00e8res et de temps forts v\u00e9cus en suivant le calendrier des f\u00eates liturgiques.<\/span><br \/>\n<span style=\"color: #0000ff;\">&#8211; En CP-CE1 : Eveil \u00e0 la foi durant lequel les enfants se familiarisent avec les grandes figures et les grands moments de la vie de J\u00e9sus.<\/span><br \/>\n<span style=\"color: #0000ff;\"><strong>Culture chr\u00e9tienne<\/strong><\/span><br \/>\n<span style=\"color: #0000ff;\">&#8211; En CE2, CM1 et CM2 : S&rsquo;approprier un h\u00e9ritage culturel par la d\u00e9couverte de nos racines chr\u00e9tiennes et de l&rsquo;histoire des religions<\/span><br \/>\n<span style=\"color: #0000ff;\"><strong>Cat\u00e9ch\u00e8se<\/strong><\/span><br \/>\n<span style=\"color: #00ccff;\"><span style=\"color: #0000ff;\">&#8211; En CE2, CM1, CM2 : Eveil religieux en lien avec la vie, durant lequel les enfants sont amen\u00e9s \u00e0 r\u00e9fl\u00e9chir sur des passages de la bible, des \u0153uvres picturales ou des situations de la vie quotidienne. Chaque<\/span> <span style=\"color: #0000ff;\">enfant est amen\u00e9 \u00e0 se poser la question : \u00ab Comment la religion peut<\/span><\/span><br \/>\n<span style=\"color: #0000ff;\">me guider dans mes actions de tous les jours ? \u00bb en s\u2019appuyant sur le support \u00ab\u00a0promesse de dieu\u00a0\u00bb<\/span><\/p>\n<p><span style=\"color: #0000ff;\"><strong><em>Dans l&rsquo;\u00e9cole, la c\u00e9l\u00e9bration de No\u00ebl est un temps fort qui permet aux enfants de partager un moment privil\u00e9gi\u00e9 de la vie des chr\u00e9tiens.<\/em><\/strong><\/span><\/p>\n<div id=\"sconnect-is-installed\" style=\"display: none;\">&nbsp;<\/div>\n<div id=\"sconnect-is-installed\" style=\"display: none;\">&nbsp;<\/div>\n<div id=\"sconnect-is-installed\" style=\"display: none;\">2.15.0.0<\/div>\n<div id=\"sconnect-is-installed\" style=\"display: none;\">2.15.0.0<\/div>\n<div id=\"sconnect-is-installed\" style=\"display: none;\">2.15.0.0<\/div>\n","protected":false},"excerpt":{"rendered":"<p>PROJET PASTORAL L&rsquo;\u00e9cole Saint Michel est une \u00e9cole catholique ouverte \u00e0 tous. Elle s&rsquo;inscrit dans la ligne de l&rsquo;enseignement catholique et veut ainsi former des personnes en \u00e9duquant \u00e0 des valeurs et en proposant la foi dans le respect de chacun. La pastorale se vit \u00e0 l&rsquo;\u00e9cole Saint Michel : \u2013 En d\u00e9veloppant un climat&hellip; <br \/> <a class=\"read-more\" href=\"https:\/\/ecolestmichel-laremaudiere.fr\/?page_id=564\">Lire la suite<\/a><\/p>\n","protected":false},"author":2,"featured_media":0,"parent":0,"menu_order":0,"comment_status":"closed","ping_status":"open","template":"","meta":{"ngg_post_thumbnail":0,"footnotes":""},"class_list":["post-564","page","type-page","status-publish","hentry"],"_links":{"self":[{"href":"https:\/\/ecolestmichel-laremaudiere.fr\/index.php?rest_route=\/wp\/v2\/pages\/564","targetHints":{"allow":["GET"]}}],"collection":[{"href":"https:\/\/ecolestmichel-laremaudiere.fr\/index.php?rest_route=\/wp\/v2\/pages"}],"about":[{"href":"https:\/\/ecolestmichel-laremaudiere.fr\/index.php?rest_route=\/wp\/v2\/types\/page"}],"author":[{"embeddable":true,"href":"https:\/\/ecolestmichel-laremaudiere.fr\/index.php?rest_route=\/wp\/v2\/users\/2"}],"replies":[{"embeddable":true,"href":"https:\/\/ecolestmichel-laremaudiere.fr\/index.php?rest_route=%2Fwp%2Fv2%2Fcomments&post=564"}],"version-history":[{"count":20,"href":"https:\/\/ecolestmichel-laremaudiere.fr\/index.php?rest_route=\/wp\/v2\/pages\/564\/revisions"}],"predecessor-version":[{"id":4383,"href":"https:\/\/ecolestmichel-laremaudiere.fr\/index.php?rest_route=\/wp\/v2\/pages\/564\/revisions\/4383"}],"wp:attachment":[{"href":"https:\/\/ecolestmichel-laremaudiere.fr\/index.php?rest_route=%2Fwp%2Fv2%2Fmedia&parent=564"}],"curies":[{"name":"wp","href":"https:\/\/api.w.org\/{rel}","templated":true}]}}