{"id":4547,"date":"2025-08-21T08:14:19","date_gmt":"2025-08-21T07:14:19","guid":{"rendered":"https:\/\/ecolestmichel-laremaudiere.fr\/?page_id=4547"},"modified":"2026-02-20T08:48:36","modified_gmt":"2026-02-20T07:48:36","slug":"pour-sinscrire","status":"publish","type":"page","link":"https:\/\/ecolestmichel-laremaudiere.fr\/?page_id=4547","title":{"rendered":"POUR S&rsquo;INSCRIRE"},"content":{"rendered":"<p>L&rsquo;inscription de votre enfant peut se faire tout au long de l&rsquo;ann\u00e9e scolaire.<\/p>\n<p>Pour une inscription en petite section, les rendez-vous d\u00e9butent au mois de d\u00e9cembre. Il faut donc contacter le directeur par mail d\u00e8s le mois de novembre pour convenir d&rsquo;un rendez-vous.&nbsp; Lors de cette rencontre, vous pourrez visiter les locaux et le projet \u00e9ducatif vous sera pr\u00e9sent\u00e9.<\/p>\n<p>Mail : ec.remaudiere.st-michel@ec44.fr<\/p>\n<p>T\u00e9l\u00e9phone : 02.40.33.73.47<\/p>\n","protected":false},"excerpt":{"rendered":"<p>L&rsquo;inscription de votre enfant peut se faire tout au long de l&rsquo;ann\u00e9e scolaire. Pour une inscription en petite section, les rendez-vous d\u00e9butent au mois de d\u00e9cembre. Il faut donc contacter le directeur par mail d\u00e8s le mois de novembre pour convenir d&rsquo;un rendez-vous.&nbsp; Lors de cette rencontre, vous pourrez visiter les locaux et le projet&hellip; <br \/> <a class=\"read-more\" href=\"https:\/\/ecolestmichel-laremaudiere.fr\/?page_id=4547\">Lire la suite<\/a><\/p>\n","protected":false},"author":4,"featured_media":0,"parent":0,"menu_order":0,"comment_status":"closed","ping_status":"closed","template":"","meta":{"ngg_post_thumbnail":0,"footnotes":""},"class_list":["post-4547","page","type-page","status-publish","hentry"],"_links":{"self":[{"href":"https:\/\/ecolestmichel-laremaudiere.fr\/index.php?rest_route=\/wp\/v2\/pages\/4547","targetHints":{"allow":["GET"]}}],"collection":[{"href":"https:\/\/ecolestmichel-laremaudiere.fr\/index.php?rest_route=\/wp\/v2\/pages"}],"about":[{"href":"https:\/\/ecolestmichel-laremaudiere.fr\/index.php?rest_route=\/wp\/v2\/types\/page"}],"author":[{"embeddable":true,"href":"https:\/\/ecolestmichel-laremaudiere.fr\/index.php?rest_route=\/wp\/v2\/users\/4"}],"replies":[{"embeddable":true,"href":"https:\/\/ecolestmichel-laremaudiere.fr\/index.php?rest_route=%2Fwp%2Fv2%2Fcomments&post=4547"}],"version-history":[{"count":3,"href":"https:\/\/ecolestmichel-laremaudiere.fr\/index.php?rest_route=\/wp\/v2\/pages\/4547\/revisions"}],"predecessor-version":[{"id":4673,"href":"https:\/\/ecolestmichel-laremaudiere.fr\/index.php?rest_route=\/wp\/v2\/pages\/4547\/revisions\/4673"}],"wp:attachment":[{"href":"https:\/\/ecolestmichel-laremaudiere.fr\/index.php?rest_route=%2Fwp%2Fv2%2Fmedia&parent=4547"}],"curies":[{"name":"wp","href":"https:\/\/api.w.org\/{rel}","templated":true}]}}