{"id":127,"date":"2013-12-04T09:32:17","date_gmt":"2013-12-04T08:32:17","guid":{"rendered":"https:\/\/ecolestmichel-laremaudiere.fr\/?page_id=127"},"modified":"2025-05-08T18:26:37","modified_gmt":"2025-05-08T17:26:37","slug":"projet-educatif-2","status":"publish","type":"page","link":"https:\/\/ecolestmichel-laremaudiere.fr\/?page_id=127","title":{"rendered":"VOLET PEDAGOGIQUE"},"content":{"rendered":"<p>&nbsp;<\/p>\n<h1 style=\"text-align: center;\"><span style=\"text-decoration: underline;\"><span style=\"color: #ff6600; text-decoration: underline;\"><strong>LE PROJET PEDAGOGIQUE<\/strong><\/span><\/span><\/h1>\n<p><span style=\"color: #ff9900;\">Le projet p\u00e9dagogique vient nourrir les diff\u00e9rentes orientations de travail des enseignants de l\u2019\u00e9cole.<\/span><\/p>\n<p><span style=\"color: #ff9900;\">Il permet de nous donner des priorit\u00e9s dans nos choix p\u00e9dagogiques . Il garantit une continuit\u00e9.<\/span><\/p>\n<p><span style=\"color: #ff9900;\">Ce projet d\u2019\u00e9cole est une r\u00e9ponse aux besoins et aux attentes des enfants &nbsp;et des enseignants en lien avec les objectifs de l \u2018\u00e9cole.<\/span><\/p>\n<p style=\"text-align: center;\"><strong>Projet p\u00e9dagogique 2023 &#8211; 2026<\/strong><\/p>\n<p>De septembre 2023 \u00e0 juin 2026, les objectifs prioritaires retenus en faveur de la r\u00e9ussite scolaire sont :<\/p>\n<p>&#8211; Pratiquer diff\u00e9rentes formes de lecture pour favoriser le go\u00fbt de lire.<\/p>\n<p>&#8211; Construire une proc\u00e9dure de r\u00e9solution de probl\u00e8mes.<\/p>\n<p>&#8211; D\u00e9velopper les actions \u00e9co-responsables, passer des paroles aux actes spontan\u00e9s.<\/p>\n<p>&nbsp;<\/p>\n<p>&nbsp;<\/p>\n<table>\n<tbody>\n<tr>\n<td style=\"width: 456px;\">&nbsp;<\/td>\n<\/tr>\n<\/tbody>\n<\/table>\n<div id=\"sconnect-is-installed\" style=\"display: none;\">2.15.0.0<\/div>\n<div id=\"sconnect-is-installed\" style=\"display: none;\">2.15.0.0<\/div>\n","protected":false},"excerpt":{"rendered":"<p>&nbsp; LE PROJET PEDAGOGIQUE Le projet p\u00e9dagogique vient nourrir les diff\u00e9rentes orientations de travail des enseignants de l\u2019\u00e9cole. Il permet de nous donner des priorit\u00e9s dans nos choix p\u00e9dagogiques . Il garantit une continuit\u00e9. Ce projet d\u2019\u00e9cole est une r\u00e9ponse aux besoins et aux attentes des enfants &nbsp;et des enseignants en lien avec les objectifs&hellip; <br \/> <a class=\"read-more\" href=\"https:\/\/ecolestmichel-laremaudiere.fr\/?page_id=127\">Lire la suite<\/a><\/p>\n","protected":false},"author":2,"featured_media":0,"parent":0,"menu_order":0,"comment_status":"closed","ping_status":"open","template":"","meta":{"ngg_post_thumbnail":0,"footnotes":""},"class_list":["post-127","page","type-page","status-publish","hentry"],"_links":{"self":[{"href":"https:\/\/ecolestmichel-laremaudiere.fr\/index.php?rest_route=\/wp\/v2\/pages\/127","targetHints":{"allow":["GET"]}}],"collection":[{"href":"https:\/\/ecolestmichel-laremaudiere.fr\/index.php?rest_route=\/wp\/v2\/pages"}],"about":[{"href":"https:\/\/ecolestmichel-laremaudiere.fr\/index.php?rest_route=\/wp\/v2\/types\/page"}],"author":[{"embeddable":true,"href":"https:\/\/ecolestmichel-laremaudiere.fr\/index.php?rest_route=\/wp\/v2\/users\/2"}],"replies":[{"embeddable":true,"href":"https:\/\/ecolestmichel-laremaudiere.fr\/index.php?rest_route=%2Fwp%2Fv2%2Fcomments&post=127"}],"version-history":[{"count":16,"href":"https:\/\/ecolestmichel-laremaudiere.fr\/index.php?rest_route=\/wp\/v2\/pages\/127\/revisions"}],"predecessor-version":[{"id":4385,"href":"https:\/\/ecolestmichel-laremaudiere.fr\/index.php?rest_route=\/wp\/v2\/pages\/127\/revisions\/4385"}],"wp:attachment":[{"href":"https:\/\/ecolestmichel-laremaudiere.fr\/index.php?rest_route=%2Fwp%2Fv2%2Fmedia&parent=127"}],"curies":[{"name":"wp","href":"https:\/\/api.w.org\/{rel}","templated":true}]}}